r of 156808?
False
Is 18 a factor of 5400?
True
Does 2 divide 221?
False
Is 78 a factor of 12714?
True
Is 28 a factor of 840?
True
Is 216 a multiple of 11?
False
Is 1040 a multiple of 17?
False
Does 13 divide 210?
False
Does 10 divide 17368?
False
Is 5670 a multiple of 27?
True
Is 33 a factor of 1947?
True
Does 29 divide 1218?
True
Is 1680 a multiple of 70?
True
Is 87 a factor of 870?
True
Is 78 a factor of 66476?
False
Is 20 a multiple of 12?
False
Is 14 a factor of 5264?
True
Does 184 divide 5525?
False
Is 3841 a multiple of 9?
False
Is 55 a factor of 3626?
False
Does 25 divide 4815?
False
Is 270 a multiple of 18?
True
Is 398 a multiple of 13?
False
Is 354 a multiple of 31?
False
Does 17 divide 635?
False
Is 60 a multiple of 15?
True
Is 605 a multiple of 2?
False
Is 4455 a multiple of 33?
True
Is 1323 a multiple of 49?
True
Is 3 a factor of 543?
True
Is 930 a multiple of 31?
True
Does 11 divide 352?
True
Is 5 a factor of 19235?
True
Is 79 a factor of 1422?
True
Is 90 a factor of 5347?
False
Does 17 divide 1836?
True
Does 111 divide 999?
True
Is 17 a multiple of 15?
False
Does 2 divide 403?
False
Is 9684 a multiple of 12?
True
Is 41 a factor of 1298?
False
Does 41 divide 1830?
False
Does 3 divide 501?
True
Is 20 a factor of 580?
True
Is 13 a factor of 2652?
True
Does 6 divide 2334?
True
Does 91 divide 1251?
False
Does 44 divide 71325?
False
Is 14344 a multiple of 44?
True
Is 21 a factor of 273?
True
Does 11 divide 77?
True
Does 34 divide 1462?
True
Is 43 a factor of 11384?
False
Is 21 a factor of 4182?
False
Is 1276 a multiple of 11?
True
Does 41 divide 56334?
True
Does 13 divide 5213?
True
Does 32 divide 409?
False
Is 70 a factor of 12202?
False
Is 10527 a multiple of 105?
False
Does 71 divide 7597?
True
Is 16 a factor of 12482?
False
Is 10 a factor of 1580?
True
Does 15 divide 1590?
True
Is 34 a factor of 9063?
False
Is 10 a factor of 9200?
True
Does 120 divide 1179?
False
Is 62 a factor of 4394?
False
Is 16 a factor of 88928?
True
Is 32 a factor of 3456?
True
Does 35 divide 49595?
True
Is 1262 a multiple of 15?
False
Is 31900 a multiple of 55?
True
Is 15346 a multiple of 30?
False
Is 5 a factor of 7470?
True
Is 860 a multiple of 86?
True
Is 5563 a multiple of 52?
False
Is 7 a factor of 658?
True
Is 2681 a multiple of 59?
False
Does 3 divide 47?
False
Is 1326 a multiple of 51?
True
Is 2821 a multiple of 91?
True
Is 266 a factor of 39178?
False
Is 47 a factor of 24252?
True
Does 42 divide 1907?
False
Is 4375 a multiple of 45?
False
Is 2646 a multiple of 18?
True
Is 5261 a multiple of 28?
False
Does 4 divide 104?
True
Does 79 divide 1055?
False
Does 24 divide 4872?
True
Does 10 divide 16649?
False
Does 41 divide 2911?
True
Is 7325 a multiple of 271?
False
Is 45 a factor of 90?
True
Does 29 divide 34887?
True
Is 34 a factor of 102?
True
Is 94818 a multiple of 106?
False
Is 6 a factor of 2087?
False
Is 24 a factor of 4655?
False
Is 222 a multiple of 3?
True
Does 11 divide 1210?
True
Is 80 a factor of 4583?
False
Does 208 divide 55328?
True
Is 157 a factor of 17108?
False
Does 16 divide 1056?
True
Is 46 a factor of 303?
False
Is 24 a factor of 3029?
False
Does 77 divide 1848?
True
Is 13 a factor of 1309?
False
Is 117 a multiple of 17?
False
Does 6 divide 74?
False
Is 4150 a multiple of 50?
True
Does 45 divide 10319?
False
Does 17 divide 147?
False
Is 1080 a multiple of 54?
True
Is 53 a factor of 3286?
True
Is 62911 a multiple of 11?
False
Is 15488 a multiple of 50?
False
Does 68 divide 204?
True
Is 2556 a multiple of 12?
True
Is 4368 a multiple of 2?
True
Does 70 divide 3535?
False
Is 4 a factor of 1931?
False
Is 39641 a multiple of 13?
False
Does 10 divide 208?
False
Is 10943 a multiple of 4?
False
Does 21 divide 114912?
True
Is 25 a factor of 515?
False
Does 6 divide 11254?
False
Is 17 a factor of 13690?
False
Does 294 divide 8580?
False
Is 9 a factor of 187?
False
Does 12 divide 1494?
False
Does 3 divide 2739?
True
Is 64 a factor of 512?
True
Does 14 divide 266?
True
Does 13 divide 307?
False
Is 1746 a multiple of 14?
False
Does 106 divide 781?
False
Is 21 a factor of 2310?
True
Is 12 a factor of 1282?
False
Does 62 divide 40796?
True
Is 28 a factor of 16856?
True
Is 3308 a multiple of 17?
False
Does 3 divide 244?
False
Does 26 divide 884?
True
Is 36 a factor of 8717?
False
Is 7 a factor of 2460?
False
Does 5 divide 1120?
True
Is 4518 a multiple of 18?
True
Is 743 a multiple of 12?
False
Does 9 divide 183?
False
Is 1914 a multiple of 11?
True
Does 60 divide 11940?
True
Does 6 divide 72?
True
Is 11 a factor of 451?
True
Is 324 a multiple of 6?
True
Is 30672 a multiple of 18?
True
Is 43 a factor of 44?
False
Is 432 a multiple of 24?
True
Is 7 a factor of 5057?
False
Is 23100 a multiple of 14?
True
Is 8 a factor of 56?
True
Is 84 a factor of 8064?
True
Is 36 a factor of 33012?
True
Is 1876 a multiple of 67?
True
Is 2282 a multiple of 14?
True
Is 66778 a multiple of 52?
False
Is 9 a factor of 11178?
True
Is 20975 a multiple of 38?
False
Does 19 divide 5016?
True
Is 3 a factor of 13?
False
Is 6 a factor of 72?
True
Is 9 a factor of 545?
False
Is 101 a factor of 19695?
True
Is 168 a factor of 10080?
True
Is 405 a multiple of 3?
True
Is 1584 a multiple of 99?
True
Is 114 a factor of 3035?
False
Does 9 divide 83?
False
Is 15 a factor of 767?
False
Does 80 divide 4459?
False
Does 24 divide 2129?
False
Is 484 a multiple of 22?
True
Does 3 divide 1998?
True
Is 33533 a multiple of 55?
False
Does 93 divide 59325?
False
Does 16 divide 214?
False
Is 18 a factor of 172?
False
Does 65 divide 5084?
False
Does 30 divide 945?
False
Is 80 a factor of 7283?
False
Is 6742 a multiple of 55?
False
Does 72 divide 1368?
True
Is 30821 a multiple of 119?
True
Is 14 a factor of 995?
False
Is 72 a factor of 829?
False
Is 163 even?
False
Is 105104 a multiple of 69?
False
Does 21 divide 1815?
False
Is 8729 a multiple of 7?
True
Does 83 divide 549?
False
Is 23753 a multiple of 20?
False
Is 1243 a multiple of 11?
True
Is 5 a factor of 375?
True
Does 41 divide 41?
True
Does 370 divide 110270?
False
Is 738 a multiple of 4?
False
Is 8192 a multiple of 32?
True
Does 45 divide 3708?
False
Is 2 a factor of 406?
True
Is 4515 a multiple of 7?
True
Is 12330 a multiple of 30?
True
Is 1135 a multiple of 246?
False
Does 11 divide 737?
True
Does 32 divide 3192?
False
Is 5074 a multiple of 115?
False
Is 11 a factor of 176?
True
Is 1775 a multiple of 6?
False
Is 70089 a multiple of 324?
False
Is 21625 a multiple of 10?
False
Does 30 divide 12150?
True
Is 13024 a multiple of 10?
False
Is 6 a factor of 18365?
False
Is 51 a factor of 150?
False
Does 13 divide 3562?
True
Does 96 divide 48192?
True
Does 38 divide 8756?
False
Is 5 a factor of 810?
True
Is 5 a multiple of 5?
True
Is 55931 a multiple of 20?
False
Does 25 divide 873?
False
Is 73 a multiple of 9?
False
Does 82 divide 5986?
True
Is 9475 a multiple of 60?
False
Is 6 a factor of 2826?
True
Does 16 divide 54?
False
Is 5 a factor of 847?
False
Does 74 divide 14282?
True
Is 3960 a multiple of 18?
True
Is 12 a factor of 4620?
True
Is 750 a multiple of 65?
False
Does 35 divide 4445?
True
Does 49 divide 3087?
True
Does 31 divide 5145?
False
Is 28 a factor of 186?
False
Does 22 divide 624?
False
Is 79 a factor of 71099?
False
Is 1905 a multiple of 20?
False
Is 944 a multiple of 16?
True
Does 22 divide 381?
False
Does 12 divide 1268?
False
Does 29 divide 299?
False
Is 26 a factor of 18523?
False
Is 4189 a multiple of 23?
False
Is 23058 a multiple of 61?
True
Is 701 a multiple of 27?
False
Is 62658 a multiple of 177?
True
Does 7 divide 4263?
True
Does 29 divide 7564?
False
Is 15 a factor of 13440?
True
Does 23 divide 1071?
False
Does 15 divide 1065?
True
Does 17 divide 8981?
False
Is 5100 a multiple of 10?
True
Does 16 divide 544?
True
Is 1167 a multiple of 25?
False
Is 2516 a multiple of 17?
True
Does 73 divide 29295?
False
Is 462 a multiple of 6?
True
Is 13 a factor of 65?
True
Is 22 a factor of 1430?
True
Does 49 divide 1323?
True
Does 2 divide 155?
False
Does 7 divide 723?
False
Is 402 a multiple of 67?
True
Is 21728 a multiple of 120?
False
Does 10 divide 330?
True
Does 30 divide 22369?
False
Is 15465 a multiple of 15?
True
Is 1269 a multiple of 24?
False
Is 1739 a multiple of 7?
False
Is 2 a factor of 8568?
True
Does 34 divide 12920?
T